er?
True
Is 1117009 a prime number?
True
Is 440654 prime?
False
Is 932527 a composite number?
True
Is 737537 prime?
True
Is 19637 a prime number?
False
Is 98663 composite?
False
Is 183297 a composite number?
True
Is 824099 a prime number?
True
Is 46649 a prime number?
True
Is 130495 a prime number?
False
Is 18301 a composite number?
False
Is 330127 a prime number?
False
Is 38039 composite?
False
Is 1005007 composite?
False
Is 8999 a composite number?
False
Is 66167 prime?
False
Is 453431 prime?
False
Is 14114 a composite number?
True
Is 832562 a prime number?
False
Is 224855 a composite number?
True
Is 361258 a composite number?
True
Is 11582 a prime number?
False
Is 47191 a composite number?
True
Is 2445793 prime?
False
Is 4166 a prime number?
False
Is 981241 a prime number?
True
Is 29905 composite?
True
Is 113 a composite number?
False
Is 21367 prime?
False
Is 74615 a prime number?
False
Is 135397 composite?
True
Is 210533 a prime number?
True
Is 631535 a composite number?
True
Is 1612307 composite?
False
Is 240949 composite?
True
Is 1688969 prime?
True
Is 9091 a composite number?
False
Is 818957 composite?
True
Is 599231 a composite number?
False
Is 234197 prime?
True
Is 937121 a prime number?
True
Is 3017 prime?
False
Is 140299 a composite number?
True
Is 13093 a composite number?
False
Is 108517 a prime number?
True
Is 75079 a composite number?
False
Is 281383 a prime number?
False
Is 151273 prime?
True
Is 254 a composite number?
True
Is 3791 composite?
True
Is 25891 prime?
False
Is 51409 composite?
True
Is 3353 prime?
False
Is 265 a prime number?
False
Is 41117 prime?
True
Is 1292723 composite?
True
Is 8887 a composite number?
False
Is 84313 a prime number?
True
Is 322397 a prime number?
True
Is 108247 a composite number?
False
Is 94223 a prime number?
False
Is 1345859 a prime number?
True
Is 2176901 a composite number?
True
Is 326437 a composite number?
False
Is 24829 prime?
False
Is 67327 prime?
False
Is 164729 a composite number?
False
Is 167333 a composite number?
True
Is 46219 composite?
False
Is 1061 a prime number?
True
Is 583 prime?
False
Is 60037 composite?
False
Is 2939 prime?
True
Is 1779 a prime number?
False
Is 43343 composite?
True
Is 24869 composite?
True
Is 55549 prime?
False
Is 25621 a composite number?
False
Is 290837 a composite number?
False
Is 20129 a prime number?
True
Is 79295 prime?
False
Is 12646 prime?
False
Is 1597 prime?
True
Is 12659 a composite number?
False
Is 539501 prime?
True
Is 6503 a prime number?
False
Is 470263 a prime number?
True
Is 93421 composite?
True
Is 290365 composite?
True
Is 130079 a prime number?
True
Is 283267 prime?
True
Is 42661 composite?
True
Is 14699 prime?
True
Is 100001 a composite number?
True
Is 246971 prime?
True
Is 267877 a prime number?
True
Is 12689 a composite number?
False
Is 37307 composite?
False
Is 223697 a prime number?
True
Is 156007 a composite number?
False
Is 907 composite?
False
Is 919 a composite number?
False
Is 454859 composite?
False
Is 26665 a prime number?
False
Is 26303 a composite number?
True
Is 3433 a composite number?
False
Is 9461 a prime number?
True
Is 78391 prime?
False
Is 725411 prime?
False
Is 273967 a composite number?
False
Is 17543 a prime number?
False
Is 3449 composite?
False
Is 3946793 prime?
True
Is 67993 prime?
True
Is 20969 composite?
True
Is 6653 a prime number?
True
Is 799291 a composite number?
False
Is 27901 a prime number?
True
Is 1949 composite?
False
Is 2879 prime?
True
Is 735359 composite?
False
Is 76569 a prime number?
False
Is 3699893 prime?
True
Is 11377 prime?
False
Is 62617 composite?
False
Is 29182 composite?
True
Is 375029 composite?
False
Is 9934 prime?
False
Is 70607 composite?
False
Is 41771 prime?
True
Is 683317 a prime number?
True
Is 4083 composite?
True
Is 504139 composite?
False
Is 33893 a prime number?
True
Is 99277 a prime number?
True
Is 97139 prime?
False
Is 522809 a composite number?
True
Is 74149 prime?
True
Is 32491 a composite number?
False
Is 20473 prime?
False
Is 3383 a composite number?
True
Is 19139 composite?
False
Is 145433 a prime number?
True
Is 8483 a composite number?
True
Is 3227 a prime number?
False
Is 33287 composite?
False
Is 62587 a prime number?
False
Is 10327 composite?
True
Is 1210787 a prime number?
True
Is 71749 composite?
True
Is 51409 a composite number?
True
Is 30631 composite?
False
Is 188107 a prime number?
True
Is 139354 a prime number?
False
Is 17026 a prime number?
False
Is 485057 a prime number?
False
Is 369539 composite?
False
Is 54523 a prime number?
False
Is 41414 composite?
True
Is 1704023 a composite number?
False
Is 65459 prime?
False
Is 42923 composite?
False
Is 170207 a composite number?
False
Is 30133 a composite number?
False
Is 91474 composite?
True
Is 1931 a prime number?
True
Is 90353 a composite number?
False
Is 60971 a prime number?
False
Is 1265665 a prime number?
False
Is 906893 composite?
True
Is 293869 a prime number?
False
Is 12197 a composite number?
False
Is 725231 a prime number?
False
Is 161033 a prime number?
True
Is 62533 a composite number?
False
Is 80573 prime?
False
Is 79031 composite?
False
Is 19191 a composite number?
True
Is 3503 a prime number?
False
Is 555383 a composite number?
False
Is 2631 a composite number?
True
Is 136841 composite?
False
Is 18119 prime?
True
Is 621989 a prime number?
False
Is 4613 composite?
True
Is 38149 a composite number?
False
Is 31957 prime?
True
Is 1837795 a prime number?
False
Is 13931 composite?
False
Is 13001 composite?
False
Is 472817 a composite number?
False
Is 21283 composite?
False
Is 779 a prime number?
False
Is 559481 a prime number?
False
Is 2376641 a prime number?
True
Is 36439 a prime number?
False
Is 124291 a prime number?
True
Is 83869 a composite number?
False
Is 11197 composite?
False
Is 95894 prime?
False
Is 314651 a prime number?
True
Is 36481 a composite number?
True
Is 10639 composite?
False
Is 739 composite?
False
Is 2335 a composite number?
True
Is 95671 composite?
True
Is 3363303 composite?
True
Is 610409 a composite number?
False
Is 503183 a composite number?
True
Is 32297 a prime number?
True
Is 2899 a composite number?
True
Is 18059 a prime number?
True
Is 334279 prime?
False
Is 718189 composite?
True
Is 213007 prime?
False
Is 528578 prime?
False
Is 141761 a prime number?
True
Is 325483 a composite number?
True
Is 9115 a composite number?
True
Is 215557 composite?
True
Is 31121 a composite number?
False
Is 103511 prime?
True
Is 7433 a composite number?
False
Is 11657 composite?
False
Is 3314 a prime number?
False
Is 3047 a composite number?
True
Is 5461 prime?
False
Is 61645 prime?
False
Is 551 composite?
True
Is 15783 prime?
False
Is 19771 composite?
True
Is 7171 composite?
True
Is 6243 prime?
False
Is 1397 prime?
False
Is 694829 prime?
True
Is 358609 prime?
False
Is 446003 composite?
False
Is 73691 a prime number?
False
Is 40441 prime?
False
Is 836917 prime?
True
Is 10637 composite?
True
Is 188159 prime?
True
Is 138959 composite?
False
Is 543847 composite?
True
Is 109199 a composite number?
False
Is 977 prime?
True
Is 1216333 a composite number?
True
Is 9347 prime?
False
Is 83879 prime?
False
Is 98113 composite?
True
Is 5903 composite?
False
Is 155861 prime?
True
Is 81031 prime?
True
Is 683933 composite?
False
Is 615071 prime?
False
Is 12011 a prime number?
True
Is 67667 a composite number?
True
Is 7522 prime?
False
Is 5989 a composite number?
True
Is 1053841 composite?
True
Is 6547 prime?
True
Is 111277 prime?
False
Is 9169 composite?
True
Is 133234 a composite number?
True
Is 73306 a prime number?
False
Is 33447 composite?
True
Is 5701 a prime number?
True
Is 658247 prime?
True
Is 53069 composite?
False
Is 26687 a prime number?
True
Is 174035 a prime number?
False
Is 64231 prime?
True
Is 8923 a composite number?
False
Is 6761 composite?
False
Is 8842 prime?
False
Is 3168907 a prime number?
False
Is 11027 a composite number?
False
Is 161807 composite?
False
Is 71879 a prime number?
True
Is 33457 composite?
False
Is 617243 composite?
True
Is 12653 a prime number?
True
Is 203423 a prime number?
False
Is 152657 prime?
True
Is 11069 a composite number?
False
Is 233279 a prime number?
True
Is 427 a prime number?
False
Is 993397 prime?
True
Is 3631 prime?
True
Is 583 a composite number?
Tr